s the highest common factor of b and 8798?
166
Suppose 312 = 2*q + 10*q. Suppose q*t = 1749 + 9015. Calculate the greatest common factor of 46 and t.
46
Let t = 42 - 48. Let m(a) = -a**3 - 6*a**2 - 4*a - 13. Let r be m(t). What is the highest common divisor of r and 33?
11
Let h be (216/30)/(8/20). Let c be 1 - (-12)/8*h. What is the greatest common divisor of c and 98?
14
Suppose j = 14 + 6. Suppose -27 = 3*h + 3*b - 4*b, -2*b + 22 = -2*h. Let p be ((-30)/h)/(-1 + 28/16). What is the greatest common factor of j and p?
5
Let d = -3766 - -3836. Calculate the highest common factor of 2170 and d.
70
Suppose 0 = -18*w - 37 + 804 - 11. Calculate the highest common divisor of 4326 and w.
42
Suppose 3*w - 6*w = -2070. Let x be 42 + 143/((-8580)/2160). What is the greatest common factor of w and x?
6
Suppose -2*a - 10 - 9 = -3*s, -2*s - 3*a = -30. Let q be (-94)/((5 - s)/4). What is the highest common divisor of 141 and q?
47
Let h(p) = -p**2 + 9*p - 2. Let t be h(6). Let r be 156 + -5 + 2 + -1. Let v = r + -128. Calculate the highest common divisor of t and v.
8
Let d(k) = -6085*k**3 - k**2 + 15*k + 18. Let s be d(-1). What is the greatest common divisor of 3 and s?
3
Let t = 47 + -16. Suppose -w = 30 - t. Let o be -2*(w - 0)*-5. Calculate the greatest common factor of 20 and o.
10
Let m(i) = -i - 68. Let z be m(-48). Let q be -7 + 6 + z/(-5). Calculate the highest common factor of 4 and q.
1
Let c(v) = -2*v**3 + 6*v**2 + 212*v - 628. Let d be c(3). Suppose 0 = -4*i + 2*w - 5*w + 137, 2*i = 2*w + 58. Calculate the greatest common factor of i and d.
8
Suppose 2*w + 4 = c + w, 4*w + 12 = 0. Let i be c/(10/14) - 6/15. Let n be (-35 - 10)*i*-1. What is the greatest common divisor of n and 30?
15
Let c be (-24)/(-2)*(-4)/(-12). Suppose -16 = -4*j - c*j. Suppose -b + j*b - 17 = 0. Calculate the greatest common divisor of 17 and b.
17
Let d be (988 - 991) + 99*1. Let w be (-9)/((-36)/920) - 2. Calculate the greatest common factor of d and w.
12
Let t = -2385 + 1640. Let y = t - -753. What is the highest common divisor of y and 12?
4
Let r(a) = -a**3 - 17*a**2 - 18*a + 9. Let h = -207 + 190. Let q be r(h). Calculate the greatest common factor of 90 and q.
45
Let n(c) = -49*c - 1207. Let d be n(-31). What is the greatest common factor of d and 3276?
156
Let b = -6 - -15. Let x be 189/(-2)*-7*2/21. Calculate the greatest common factor of x and b.
9
Suppose 3895*s = 3891*s + 208. Let a(y) = y**2 - y + 2. Let l be a(2). Calculate the greatest common factor of l and s.
4
Suppose 0 = 2*v - 2, -4*f + 2*v - 18 = 0. Let q be 4 + (488 - (f - -8)). What is the highest common factor of 61 and q?
61
Let j(g) = 31*g**3 + g. Let v be j(1). Let f be 8/3*456/v. Let l(c) = c**3 + 12*c**2 + 10*c + 8. Let s be l(-11). What is the highest common factor of s and f?
19
Suppose 5000*s + 150 = 5050*s. Let j be 8/(-20) - 32/(-5). Let t be (2/j)/((-6)/(-18)). Calculate the highest common divisor of s and t.
1
Let q be (-5)/(-1)*-31*-3. Let s(c) = 36*c**2 + 1228*c + 151. Let x be s(-34). Calculate the highest common divisor of q and x.
15
Let c = -31 + 69. Let u = c - 26. Let x(m) = 83*m**3 + 2*m**2 - 1. Let n be x(1). Calculate the highest common divisor of u and n.
12
Let f(k) = -k**3 - k + 20. Let s be f(0). Suppose 3*a + 65 - 95 = 0. Let p be (a - -4) + 2 + -6. What is the greatest common factor of s and p?
10
Let i be 1/9 - 58685/(-1089). Let m = -12 - -16. Suppose m*o + 14 - 38 = 0. Calculate the greatest common factor of i and o.
6
Suppose 1083 = 4*t - 3*y, -15*y = -2*t - 13*y + 540. Calculate the greatest common factor of t and 6.
3
Suppose -41*a = 29*a - 2*a - 52360. What is the greatest common divisor of 28 and a?
14
Suppose 20 + 447 = -113*k + 4535. What is the highest common divisor of k and 23346?
18
Let q(v) = -v**2 + v. Let o(f) = -f**2 - 6*f + 11. Let b(a) = -o(a) - q(a). Let h be b(-8). Let z = h - 52. Calculate the highest common factor of 5 and z.
5
Let c be (84/(-10))/((-18)/100 + 54/324). What is the greatest common divisor of c and 490?
70
Suppose -52*n + 20011 + 110093 = 0. Calculate the highest common divisor of 18 and n.
18
Suppose -3*h + 5*p + 3881 = 0, -5*h - 2*p + 7*p = -6465. Calculate the highest common factor of h and 171.
19
Suppose 0*z + z - 4 = 0. Let i(f) = 17*f - 5. Let y be i(z). Let x be (-3 + 9)*(3 - (-33)/(-18)). What is the highest common divisor of y and x?
7
Let x be (-1 - 62)*((-128)/(-1088) - (-72)/(-34)). Calculate the highest common factor of x and 77994.
126
Let m = 20 - 17. Suppose 4*r + m*j - 7700 = j, -5773 = -3*r - 2*j. What is the highest common factor of r and 41?
41
Let x(m) = 13*m - 1. Let r be x(1). Suppose -11*z + 5*z = 870. Let c = z + 157. Calculate the highest common divisor of r and c.
12
Let l(g) = 3*g**3 + 3*g**2 + 2*g - 5. Let i be l(6). Let a = i - 574. What is the highest common factor of 315 and a?
63
Let c = 4003 + -3884. Calculate the highest common factor of c and 102.
17
Suppose 68*g - 14293 = 20523. Calculate the highest common factor of g and 48.
16
Suppose -4*f + 120 = 4*w + w, -3*f - 127 = -4*w. Let v(n) = w - n - 15 - 5. Let y be v(0). Calculate the greatest common factor of y and 6.
2
Let s(n) = 7*n**2 + 2*n + 17. Let p(g) = -20*g**2 - 6*g - 49. Let b(v) = -6*p(v) - 17*s(v). Let r be b(3). What is the highest common factor of r and 35?
5
Let i(t) = -6*t**2 + 11*t - 306. Let n(j) = j**2 - 2*j + 51. Let q(l) = -6*i(l) - 34*n(l). Let u be q(-9). Calculate the highest common factor of 41 and u.
41
Suppose -3*z - 9 = -5*q + q, 2*z = q - 1. Let y(s) = 12*s**2 + 2*s - 2. Let o be y(z). Suppose 7*t - 13*t = -o. What is the highest common factor of 22 and t?
2
Suppose r + 147 = -0*r + 186. What is the greatest common factor of r and 3484?
13
Let v = 5939 - 4891. Calculate the greatest common divisor of 88 and v.
8
Let p(o) = 9*o**3 - 44*o**2 + 10*o - 12. Let b be p(6). Calculate the greatest common divisor of b and 2.
2
Let r = 125 + -133. Let y = r + 80. What is the highest common factor of 168 and y?
24
Let a = 44 - 29. Suppose -i = a*i - 2704. Calculate the greatest common divisor of 52 and i.
13
Let i(x) = 1105*x**2 - 62*x + 201. Let c be i(5). Calculate the highest common divisor of 12 and c.
12
Suppose t + 7*y = 3*y + 63, -3*y - 82 = -2*t. Let x = t - 46. Calculate the greatest common divisor of x and 16.
1
Suppose -4*i - 3*k - 27 = 0, i + 23 = -k - 3*k. Let z be 12/i - (-3)/(-9)*6. Let o be (-10)/(-4) + 9/z. What is the greatest common divisor of o and 3?
1
Suppose -9*g - 58 = -310. Let z(q) = -12*q + 4. Let o be 0 - (8/(-4))/(-1). Let w be z(o). Calculate the greatest common factor of g and w.
28
Suppose -429*j + x = -425*j - 270, -5*x = -10. Calculate the highest common divisor of j and 5100.
68
Suppose -1826 = 20*d + 1834. Let s = -145 - d. Let m = 9 - -10. What is the greatest common divisor of s and m?
19
Suppose -114 = 25*k - 989. What is the highest common divisor of k and 7490?
35
Suppose -2*n + 14688 = 32*n. Calculate the greatest common factor of n and 729.
27
Let b = -6247 - -7267. What is the highest common divisor of 660 and b?
60
Let a be -8*(1110/(-592))/((-2)/(6/(-9))). Suppose 5*o - d - 65 = -3*d, 3*d = -o. What is the highest common factor of a and o?
5
Let z = -2200 - -2696. Let a = 11 - -5. What is the greatest common divisor of z and a?
16
Let m(x) = -x**3 + 9*x**2 + x - 4. Suppose 13*k = 17*k - 36. Let c be m(k). Suppose 14 = c*p - 6. Calculate the highest common factor of p and 2.
2
Suppose 86 = 2*j + 5*o, 22*j - 17*j = 3*o + 277. Suppose 4*b = 7*b + 108. Let f = b + j. What is the highest common factor of 119 and f?
17
Let y be ((-4)/8)/((-3)/42) - 2. Suppose 0 = y*h - 8*h + 39. Calculate the greatest common divisor of 104 and h.
13
Let z(p) = p**3 - 8*p**2 - 4*p + 21. Let t be z(9). Suppose -4*r + 2*f = -432, 2*r + 5*f + 25 = 265. Calculate the greatest common divisor of r and t.
22
Suppose 579*d + 801810 = 669*d. Calculate the highest common factor of d and 118.
59
Let q = -32 + 76. Let w be q - (-1)/((-2)/(-2)). Let c be ((-3)/(-4) - 3)/(((-9)/60)/1). Calculate the greatest common factor of w and c.
15
Let o = -95 - -103. Let b be (o/3)/(12/414). Suppose -244 = -4*i - b. What is the highest common divisor of i and 38?
38
Suppose n = -5*w + 9, n = -2*n - 3. Let a be w/8 - 5797/(-4